of k and i?
13
Let w(j) = -j**2 + 31. Let n be w(19). Let f be (-1712)/(-15) + 44/n. Suppose -5*r + 96 = -f. Calculate the greatest common factor of r and 56.
14
Suppose 2*m + 8*c = 3*c + 25, -46 = -5*m + 4*c. Let y(x) = 2*x**3 - 19*x**2 - 6*x - 8. Let g be y(m). Calculate the greatest common factor of 16 and g.
16
Suppose 4*s + 5*u + 72 - 1367 = 0, 980 = 3*s - 5*u. Let d = -248 + s. Suppose a - 27 = -5. What is the highest common factor of a and d?
11
Suppose 0*g = 4*p - g - 71, -4*p + 74 = 2*g. Suppose 30 = 2*r + p. What is the highest common factor of r and 21?
3
Suppose 3*o + 6 = 0, -4*o - 2 = -2*v + 10. What is the greatest common divisor of 446 and v?
2
Suppose 4472*o - 4468*o = 2444. What is the greatest common factor of 39 and o?
13
Let t = -14129 + 14155. Calculate the greatest common factor of t and 14482.
26
Let j(t) = 22*t**2 + 165*t - 64. Let g be j(-8). What is the greatest common divisor of g and 123?
3
Let f(c) = 22*c - 173. Let i be f(8). Let q be (-15834)/(-45) - 14/(-315)*i. What is the highest common factor of 11 and q?
11
Let r be (-360)/48*64/12. Let c be ((-84)/(-35))/((-2)/(r/6)). What is the highest common divisor of c and 72?
8
Suppose 5*v = 3*a - 1404, 6*a + 1872 = 10*a + v. Let g(j) = -j**2 + 13*j. Let d be g(9). Calculate the highest common factor of d and a.
36
Let f be (-24 + 0)*3/(24/(-38)). Suppose -122 = -3*g + 5*k, -5*g + 3*k + f = -84. What is the highest common factor of 273 and g?
39
Let b(h) = 3*h + 208. Suppose -5*i - 5 - 20 = 5*t, 2*t + 10 = -3*i. Let s be b(i). Let p be s/10 + 7/35. What is the greatest common divisor of p and 84?
21
Let u(h) = 29*h**3 + 6*h**2 - 18*h + 105. Let q be u(6). What is the greatest common divisor of q and 51?
51
Suppose 2553*r + 24656 = 2569*r. What is the greatest common divisor of r and 23?
23
Suppose -135 = -z - 49. Suppose -b = -4*b + q + 68, -q + z = 4*b. Calculate the greatest common divisor of b and 4.
2
Let t be 4*(-30)/(-4)*3177/2118. What is the greatest common factor of 145 and t?
5
Let h(s) = -28*s - 185. Let m(i) = 99*i + 648. Let k(f) = 18*h(f) + 5*m(f). Let c be k(-12). Calculate the greatest common divisor of 45 and c.
9
Let x(z) = -13*z - 68. Let c(r) = 25*r + 137. Let q(h) = 3*c(h) + 5*x(h). Let m be q(-6). What is the highest common factor of m and 11?
11
Let h = 623 - 616. Calculate the greatest common factor of 532 and h.
7
Let j be (1/(3/2))/((-130)/(-167895)). Calculate the greatest common factor of j and 21.
21
Let o be 340/16*4/1. Calculate the highest common divisor of o and 646.
17
Let l(k) = -k**2 + k + 16. Let q be l(-3). Suppose q*v - 525 = -n, 3*v - 239 = -n + 156. What is the greatest common divisor of v and 10?
10
Let w = -8 - -22. Suppose 3*k - 2*u = -4, w = -2*k + 3*u + 3. Let x(a) = a + 7. Let r be x(k). What is the greatest common factor of 18 and r?
9
Let g be -5*-1*8/20. Suppose -3*p - g*a + 107 = -38, 2*p = a + 99. Suppose -19*f + 1323 = -16*f. What is the highest common factor of p and f?
49
Suppose 4*g + 12 = 4*c, c = 3*g - c + 6. Suppose 2*a - 69 + 23 = g. Let h(j) = 18*j - 608. Let m be h(44). What is the greatest common factor of m and a?
23
Let a = 168 - 163. Suppose -a*y = 498 - 1548. Calculate the highest common factor of 30 and y.
30
Suppose 5*j + 27 = 77. What is the highest common factor of 2690 and j?
10
Let y = 111 + -108. Suppose 108 = y*b + 3*b. What is the highest common factor of b and 2?
2
Let g be (-729)/(-567) + 197228/14. Calculate the greatest common factor of 73 and g.
73
Let y be (-3)/(18/(-642)) - (-2 - 2). Let q = -81 + y. Suppose -3*i + 4*x + 41 = -0, 5*i = -x + 76. What is the greatest common factor of i and q?
15
Suppose -5*k = 48 + 7. Let a be (54 - (k + 5))*1. Calculate the highest common divisor of 140 and a.
20
Let w be ((-540)/(-50) + 1)/((-2)/(-10)). What is the highest common factor of w and 4307?
59
Suppose m - 31 = -11*r + 14*r, r - 5*m + 1 = 0. Let s be -2*(r/(-3))/(4/(-6)). What is the greatest common factor of s and 143?
11
Let g = 330 - 186. Suppose -3*b - 6*b + g = 0. What is the greatest common factor of 216 and b?
8
Let p(h) = 1672*h**3 + 2*h**2 - 36*h + 34. Let v be p(1). What is the highest common factor of 22 and v?
22
Suppose 182*p - 181*p - j = 5671, -2*j = p - 5653. What is the highest common divisor of p and 22?
11
Suppose 0 = -47*k + 11176 + 8282. Let p be 2888/(-4)*-1*1. Let x = p - k. Calculate the highest common factor of x and 28.
28
Let t be (-2)/8 - (-970)/40. Suppose 2*k - 72 = t. Let h = k + -14. Calculate the greatest common divisor of h and 85.
17
Let d be -8 + 7239/6 - 9/(-6). What is the greatest common factor of 24 and d?
24
Suppose 7*t + 162 = -20. Let c = t - -92. Let m = c + -32. Calculate the greatest common divisor of m and 2.
2
Suppose -95 = -5*t - 3*n + 94, -4*n = -12. Let j be (-2 - (-5192)/t) + (-8)/36. Calculate the highest common factor of j and 213.
71
Let v = 68 - 52. Let z = -14 + v. Suppose 2*i - z = 6, -3*i = 5*a - 397. What is the highest common divisor of a and 7?
7
Suppose 48*u + 4*s - 9735 = 43*u, 2*u - 3881 = s. Calculate the highest common divisor of 134 and u.
67
Let w(c) = 15*c**2 + c - 12. Let k be 12/(-8)*(-30)/9. Suppose 0 = k*n - 3*p, 0*n + n + p = 8. Let g be w(n). What is the greatest common divisor of 14 and g?
14
Suppose -4*d + 201*r - 196*r = -18, -2*d + 5*r + 14 = 0. Let a(b) = b - 2. Let g be a(6). What is the greatest common factor of d and g?
2
Let a(w) = 11*w**2 + 6*w + 16. Let h be a(-2). Let o be 792/h + (-6)/(-4). What is the greatest common divisor of 63 and o?
9
Let n(k) = 124*k**2 - 291*k + 580. Let h be n(2). Calculate the highest common factor of h and 26.
26
Let y be ((-7)/((-14)/(-20)))/(-2). Let d be ((-1)/3)/(y/(-690)). Suppose 3*o + 4*m - 25 = 0, 11 + d = 5*o - m. What is the highest common factor of 44 and o?
11
Suppose -4*y - 4*x = -8, -6*y - 29 = -10*y + 3*x. Let r be y/1 + 1/(5/30). What is the highest common divisor of 11 and r?
11
Let y(n) = 6*n + 6462. Let g be y(73). Calculate the highest common divisor of g and 225.
75
Let t(w) = -w**3 - 9*w**2 - 8*w + 10. Let x be t(-5). Let c be (9/(-5))/(6/x). What is the highest common divisor of 15 and c?
15
Let w(n) = n**3 + 12*n**2 - 188*n + 2278. Let x be w(15). What is the greatest common factor of x and 44?
11
Suppose 5*t = 3*j + 1387, -6*t - 2*j + 1367 = -t. Let v = t - 229. Calculate the highest common factor of v and 322.
46
Suppose 5*v + 21 = 3*x, 8*v + 12 = 4*v. Let y be 45/((-1 + x)/(-8 - -9)). Calculate the greatest common factor of y and 585.
45
Let i(v) = v**3 + 8*v**2 - v - 41. Let n be i(-7). Let w be (-20)/n*8/((-32)/1134). Calculate the greatest common divisor of 6 and w.
6
Let c = 5608 - -307. Suppose c = 23*z - 10*z. What is the highest common factor of z and 13?
13
Let s be (-6)/5 - (-198)/15. Let q be (52 - 1) + (-36)/s. Calculate the greatest common factor of q and 18.
6
Suppose c = 3 + 2. Suppose -3*x - 101 = -c*o, 4*x = -o - 4*o - 193. Let q = 162 + x. Calculate the highest common divisor of q and 15.
15
Let n be ((-1)/(35/28))/((-2)/(-5)). Let u(o) = -15*o + 9. Let g be u(n). What is the greatest common divisor of 91 and g?
13
Let s be (-8)/(-6) + 25/(-30) - (-9111)/6. Calculate the highest common divisor of 155 and s.
31
Suppose 5*n + 16*n = -19320. Let j = -578 - n. What is the greatest common factor of 9 and j?
9
Let o(w) = 13*w**2 + 42*w - 459. Let v be o(39). What is the greatest common divisor of v and 27?
27
Let l be (207 - -3) + (5 - -1)/6. Calculate the greatest common divisor of l and 1.
1
Let i(h) = -312*h + 4875. Let j be i(15). Let o be -2*(25/(-2))/5. Suppose 0 = -o*c + 323 + 67. What is the greatest common factor of j and c?
39
Let c = -54 + 57. Let k(t) = 19*t - 38. Let v be k(c). Calculate the highest common factor of 38 and v.
19
Let m(j) = 12*j**3 + j**2 - 3*j + 1. Let x be m(1). Suppose x*i - 338 = 1774. Calculate the highest common divisor of i and 12.
12
Let m = 3976 - 3937. Calculate the highest common divisor of 507 and m.
39
Let g(d) = -4*d**3 - 14*d**2 - 6*d + 14. Let j be (-324)/(-72)*4/6*-2. Let z be g(j). Calculate the greatest common divisor of 10 and z.
10
Let i(p) = -19*p**2 + 130*p + 8. Let o be i(6). Calculate the highest common divisor of o and 208.
104
Let o be 4 + 0/(-1) - 0. Let x = -683 - -2106. Suppose 